 5*c**2 - 6*c + 5. Calculate r(t).
-25
Let z be (0 - -2)*(-3)/(-6). Let r be z/(-4) - 15/4. Let k(y) be the first derivative of -y**2/2 - 3*y + 640. Determine k(r).
1
Let v be (-4)/2 + 8 + -4. Let o(y) = -5*y**3 + 6*y**3 - v*y - 6 + 8*y**2 - y - 2*y**2. What is o(-6)?
12
Let l(s) = 2*s + 3. Let o = -11 - -14. Let j be 5*(o - (-4 + 6)). Give l(j).
13
Let q(d) = 4 - 5 + 0*d - 2*d + 4*d - 12*d**2. Calculate q(1).
-11
Let n be (-3 - 29/2)/(3/6). Let i be (-1)/(-5) + 77/n. Let k(h) = -2*h + 1. What is k(i)?
5
Let h(q) = -q**2 - 4*q - 1. Let u(t) = -3*t**2 + 5*t + 4. Let c be u(-1). Let k be 8/(-5)*(-10)/c. Calculate h(k).
-1
Let o be (-45)/27*-3*-1. Let n(l) = l**2 + 8*l - 6. Let j(v) = v**2 + 7*v - 6. Let h(s) = -3*j(s) + 2*n(s). Determine h(o).
6
Let n(i) = 0*i + 8 + 0 + i - 1. Let a be n(-5). Let r(u) = 6 - 3*u - a + 2. Calculate r(5).
-9
Let n be (1/2 - 0)*6. Suppose z = -n - 1. Let c(w) be the second derivative of w**4/6 + w**3 + w**2/2 + 16*w. Determine c(z).
9
Suppose -l = 11*l + 36. Let h(x) = x**2 + 2*x + 3. What is h(l)?
6
Let q(l) = -7*l**2 + 4*l + 10. Let m(x) = x + 0*x**2 + 3*x + 9 - 6*x**2. Let j = 413 - 407. Let w(c) = j*m(c) - 5*q(c). What is w(4)?
4
Let g(h) = 50*h - 3. Let z be g(1). Let i(q) = -45*q - z*q + 91*q. What is i(1)?
-1
Let p(q) = 11 + 3 - 2*q**2 - 19 + 2 + 8 - 6*q. Let r(d) = -d**3 + d**2 + 8. Let z be r(0). Suppose -g + 3 - z = 0. What is p(g)?
-15
Let b(k) = 2*k - 4. Let v(d) = -3*d + 6. Let r(t) = 5*b(t) + 3*v(t). Let s(i) = -i + 13. Let a be s(7). Let g = a - 0. Determine r(g).
4
Suppose 28 = 3*o - 2*y, 4*y - y + 39 = 4*o. Suppose -x = o - 10. Let p(g) = -g**2 + 4*g + 4. Give p(x).
4
Let t(i) = -2*i - 1 + 2*i - i. Let z = 39 + -37. Suppose z*n = -3*n - 2*u + 10, 4*u + 8 = -3*n. Give t(n).
-5
Let o(y) = -7*y + 2. Let s = 48 + -28. Suppose 4*l = -l + s. Suppose -2*z = -4*z + l. Calculate o(z).
-12
Let i be 3 - 1*(-11 + 4). Let y = i - 3. Let j(z) = -y*z + 10 + 12*z - 6*z. Calculate j(0).
10
Suppose -5*i + g = 14, -2*i - 5*g - 14 = -3. Let q be 0/(4/12*i). Let a(x) = -x**3 - x**2 - 7. What is a(q)?
-7
Let a(r) = -6*r - 8 - 6*r**2 - 20*r**2 + 3*r**3 + 35*r**2 - 7*r - 4*r**3. Give a(7).
-1
Suppose 0 = 2*z + 3*g + 7, 8*g + 15 = 3*g. Let a(d) = 15*d**3 + 2*d**2 - 3*d + 4. Let c(w) = -2*w**2 + 2*w - 2. Let s(p) = -a(p) - 2*c(p). What is s(z)?
-14
Suppose 4*s - 4*f - 33 = -29, 4 = 2*s - 3*f. Let k(g) = 52*g - 2. Determine k(s).
-54
Let a = -19 - -22. Let b(h) = -3*h + h**2 - 1 + 0 - 4*h + 3*h. Determine b(a).
-4
Let u(x) = -x**2 - x + 2. Let h be (-1 + -1)/(8/(-8)). Let f = 8 - h. Suppose -4*t - 6 = 5*l, -t - l - f = -2*l. Give u(t).
-10
Let q(d) be the second derivative of d**5/60 - d**4/6 + d**3/6 - 6*d**2 - 21*d. Let v(o) be the first derivative of q(o). Let j = 12 + -7. Calculate v(j).
6
Let l(c) = -c - 17*c**2 + c**2 + 8*c**2 + 7*c**2. Calculate l(4).
-20
Let d(a) = 38*a + 270. Let u be d(-7). Let v(r) = -r**2 + r + 10. Determine v(u).
-2
Let z(b) = b + 10. Let s = 14 - 2. Let q(l) = -2*l + 31. Let o be q(s). What is z(o)?
17
Let s = -16 - -11. Let a(o) be the third derivative of 0*o + 0 + 5/6*o**3 + 4*o**2 + 1/24*o**4. Determine a(s).
0
Let j(l) = -l**2 - 18*l + 8. Let k = 2393 + -2407. Calculate j(k).
64
Let m(w) = w**2 + 15*w + 19. Let r be 2/13 + (-282)/(-26). Suppose -7*o - r = 87. Let g be m(o). Let i(s) = -s + 10. What is i(g)?
5
Let t(r) be the third derivative of r**6/120 + 3*r**5/20 - 13*r**4/24 - 3*r**3 - 345*r**2. Calculate t(-10).
12
Let l(m) = -20*m + 2. Let i = 200 - 198. What is l(i)?
-38
Let l be (-1 - 2/(-2)) + 1. Let t(m) = -l + 316*m**2 - m**3 - 3 - 312*m**2 + 6*m. What is t(5)?
1
Let i(x) = x + 2. Let d(z) = z**3 + 2*z**2 - 2*z. Let k be d(-2). Suppose -12*p + k*p = 16. Determine i(p).
0
Let p(f) be the first derivative of f**3/3 - 2*f**2 + f - 4. Let x(d) = -d**2 - 9*d - 6. Let a be x(-8). Let t be (-2 + 1 + a)*5. Give p(t).
6
Let h(i) = 2*i**2 + i - 4. Let r(j) be the third derivative of j**5/20 + j**4/12 - 3*j**3/2 + 10*j**2. Let t(b) = 5*h(b) - 3*r(b). Determine t(0).
7
Let f be (2/(-6))/(1/(-3)). Let v be 2 - (f + 0 + -1). Let t(l) = 453*l**3 - l**2 - l**2 - 450*l**3. Determine t(v).
16
Let u(t) = -t**2 - 43. Suppose f + 5*o = -15, -2*f = -6*f - o - 3. Determine u(f).
-43
Let u be 27/36 + (-7)/4. Let r(j) = -6*j**3 + 3*j**2 + j - 5. Let k(n) = -n**3 - n. Let m(b) = u*r(b) + 5*k(b). Determine m(4).
-3
Let g(p) = -p**3 + 2*p**2 + 3. Suppose -160 = 2*x - 5*h, -2*x - 123 - 35 = -4*h. Let o = x - -78. Give g(o).
-6
Let z(a) = a**2 - 10*a - 8. Let j be z(6). Let k = 29 + j. Let d(b) = b**3 + 3*b**2 + 2*b + 4. Determine d(k).
-2
Let m be 7 + 1/1 + -1. Let b = m - 2. Let o(y) = -y**2 + 5*y - 3. Determine o(b).
-3
Let h(k) = -3*k - 3*k + 19*k**2 - 5*k + 2 - 21*k**2. Determine h(-6).
-4
Let d = 45 - 43. Let o(m) = -8*m - 6 + 7*m + m**d + 7*m. Determine o(-8).
10
Let y(o) = o**2 + 9*o - 6. Let l(m) = -m**3 + 2*m**2 + 6*m + 2. Let i be l(4). Determine y(i).
-24
Let y(h) = -13. Let c(g) = -g + 6. Let o(v) = -5*c(v) - 2*y(v). Calculate o(-3).
-19
Let x(d) = -2*d + 26. Let o be x(12). Let n(a) be the third derivative of 0*a - 1/20*a**5 + 0*a**4 + 0 - 4*a**2 + 1/3*a**3. Give n(o).
-10
Let t(q) = -q**2 - q + 1. Let d(o) = -4 - 22*o**2 + 11*o**2 + 8*o + 14*o**2. Let i(l) = -d(l) - 4*t(l). Give i(3).
-3
Suppose -13 = 4*m - 5*r - 49, 3*m + 4*r = 27. Suppose -y + 4*y - m = 0. Let p(c) = 3*c - c**3 - c**2 - c**y - 5*c - c**2. Calculate p(-2).
12
Let c(b) = -4*b - 9. Let j be c(-11). Let x be (28/j)/(1/(-5)). Let n(o) = -o**2 + 1. Let g(f) = 3*f**2 + 6*f + 1. Let w(v) = x*n(v) - g(v). Determine w(6).
-5
Let d(n) be the second derivative of -n**5/20 + 7*n**4/6 + 13*n**3/6 + 11*n**2 + 7*n + 8. Determine d(15).
-8
Let m(f) = -f**3 + 27*f**2 - 5. Let w(c) = c**3 - 12*c**2 + 38*c + 6. Let v be w(7). Determine m(v).
-5
Let f(c) = -14*c + 2 + 26*c + c**2 - 3*c. Let y(v) = v**2 + 6*v - 15. Let o be y(-7). Give f(o).
-6
Let d(w) = 6*w**2 + w + 1. Let q be d(-1). Let i(p) = -4*p**2 - 6*p + 2. Let k(g) = -9*g**2 - 16*g + 5. Let l(b) = 7*i(b) - 3*k(b). What is l(q)?
-1
Suppose 0*a + 316 = -79*a. Let u(b) = -2*b**2 + b + 8. Give u(a).
-28
Let h(r) = -2*r. Let t(l) = -5*l - 6. Let p(j) = 2*h(j) - t(j). Determine p(0).
6
Let q(r) be the first derivative of -r**4/4 - 5*r**3/3 + r**2 + r + 335. What is q(-6)?
25
Suppose 3*u - 5*v + 4 = 0, 0*u - 4*v = -u - 6. Suppose -h - 3*h = -12, 0 = -3*y + u*h. Let r(w) = -5 - 6*w**2 + 3*w + w**3 + w + w**y - 2*w. What is r(5)?
5
Let v(g) be the first derivative of 3*g**2/2 + g - 86. What is v(7)?
22
Let n = 55 + -39. Let v(a) = a**3 - 7*a**2 + 8*a + 11. Let t be v(5). Let y be t/2 - 8/n. Let w(b) = b**2 - b + 2. Calculate w(y).
2
Suppose -2*f - 11 = 21. Let z be (15/10)/((-6)/40). Let p = f - z. Let x(g) = g**3 + 5*g**2 - 6*g. Calculate x(p).
0
Let q(t) = -t**3 - 5*t**2 + 9*t + 2. Let k(o) = 5*o + 9. Let z(v) = v**2 + 5*v - 3. Let h be z(0). Let s be k(h). Determine q(s).
-16
Let h(n) = -n**3 - 4*n**2 + 4*n - 6. Suppose -2*s = -5*f + 1, s = 2*s - 5*f + 3. Suppose 5*x + 5 = -5*r, 2*r + 1 - 2 = -x. Let t be (r + -3)*(7 - s). Give h(t).
-1
Let f(z) = 2*z**3 + 22*z**2 + 39*z + 28. Let m be f(-9). Let b(x) = -12*x - 2. Let s(r) = -12*r - 3. Let k(y) = -4*b(y) + 3*s(y). Calculate k(m).
11
Let g(m) = 3*m + 37. Let r(v) = -3*v - 46. Let c(q) = 3*g(q) + 2*r(q). What is c(-7)?
-2
Let f(c) = c - 3. Let y(p) = 3*p - 3. Let j(n) = 3*f(n) - 2*y(n). Give j(-3).
6
Suppose 0 = 5*a - m, -8*a - 24*m = -20*m. Let w(i) = -i**2 + i + 11. Determine w(a).
11
Suppose 2 = u - 6. Suppose -4*d + 5*f - 124 - 81 = 0, 0 = 3*d + f + 130. Let q be (-261)/d + u/(-10). Let y(z) = z**2 - 3*z. Determine y(q).
10
Let p = 11 + -31. Let j = -12 - p. Let x(i) = i**2 - 7*i - 8. Give x(j).
0
Let k(p) = p**2 - p - 4. Suppose 4*l + 12 = -0*l. Let r be l/5*25/(-5). Suppose r*j + 0*j = 0. Give k(j).
-4
Suppose 3*h - 120 = -21*h. Let r(a) be the second derivative of 1/20*a**h + 5/12*a**4 + 2*a + 0 - a**3 + 1/2*a**2. What is r(-6)?
1
Let t(l) be the first derivative of l**5/20 - l**4/2 + 5*l**3/6 - 2*l**2 - 6*l - 10. Let y(u) be the first derivative of t(u). Calculate y(4).
-16
Suppose 5429*k = 5450*k - 168. Let p(i) = i**2 - 1 - 8*i + 6 + 5. Determine p(k).
10
Let h(o) = 0 - 3 + 4 - o - o**2 + 0. Let y(l) = 7*l**2 + 6*l - 12. Let w(v) = 